= 0, -3*f - 148438 = 5*b - 1926694. Is f prime?
False
Let v = 3440 - -2559. Let i = v + -588. Is i composite?
True
Let i be (4 - 14)/(-5) + 0. Suppose -10269 = -4*o + 5*a, -i*o - 3087 + 8194 = 3*a. Is o a prime number?
False
Suppose 5*f - 33230 = -5*a + 7860, 3*f = 3*a + 24630. Suppose g - 5 = -1, -4*g - f = -5*h. Is h a composite number?
True
Let p be ((-80)/(-56))/(2/14). Let l be (0 + 1)*(11 - p) + -1. Suppose 2565 + 1201 = 2*r + 2*k, -3*r - 2*k + 5649 = l. Is r prime?
False
Let l(m) be the second derivative of -m**5/20 + m**4/3 + 5*m**3/6 - 3*m**2/2 - 11*m. Let o be l(5). Let f(n) = -10*n**3 + 2*n - 1. Is f(o) a composite number?
False
Let b be 6269*216/(-48)*8/(-9). Suppose -11*c = -b - 47447. Is c composite?
True
Let d be 1 + 3 + (-3 - (-30)/6). Suppose 0 = d*i - 1974 - 4512. Suppose 5*u + 518 = v, -2*v - 5*u + i = -0*v. Is v composite?
True
Suppose 168 = -6*g + 14*g. Suppose -g*k = -20*k. Suppose -4*l + 3*x + 6829 = k, 2*l = l + 4*x + 1691. Is l prime?
False
Let r = 418117 - 174084. Is r a composite number?
False
Let t = -12860 + 7167. Let x = -1726 - t. Is x prime?
True
Let b(r) = 122*r**2 + 5*r + 1133. Is b(-42) a prime number?
False
Suppose m + 4*i - 105589 = 0, m - 88358 = -i + 17216. Is m composite?
True
Let q(t) = 506*t**3 - t**2 - t + 1. Suppose 19 - 19 = -5*c. Suppose -x - s + 3*s - 9 = c, 3*x + 22 = 5*s. Is q(x) composite?
True
Let i(d) = -23*d**2 - 15*d + 94. Let p(j) = -46*j**2 - 30*j + 187. Let h(s) = 5*i(s) - 3*p(s). Is h(10) prime?
False
Let a(k) = k**3 + 10*k**2 - 15*k - 38. Let g be a(-11). Suppose 9 = -g*j + 9*j. Suppose -5*f = 5*u - 4810, j*u + 1949 = f + f. Is f a composite number?
False
Suppose p = 4*z + 60291, 3*p = -3*z + 153959 + 26839. Is p a composite number?
False
Let s(y) = 2*y**3 - 12*y**2 - 15*y + 10. Let r be s(7). Let v be (3/3)/(-2) + (-92)/8. Is -3 + (-3848)/(v/r) a composite number?
True
Let q(r) = r**2 + 28*r - 19. Let o be 345/18 + 3/(-18). Let i = o - -3. Is q(i) a prime number?
False
Let t = 149913 + -54104. Is t a prime number?
False
Let t = 37 + -78. Let g = 47 + t. Suppose g*s - 6477 = -1449. Is s a prime number?
False
Let i(h) = h**3 + 12*h**2 + 7*h + 12. Let q be i(-12). Let s be q/(-10) - 3/15. Is 125 + (3 - (4 - (s + -4))) a prime number?
True
Let q(p) be the first derivative of p**6/180 + 7*p**5/120 - p**4/12 + 6*p**3 - 12. Let o(l) be the third derivative of q(l). Is o(9) prime?
True
Let s(u) = u**3 - 4*u**2 - 8*u + 1. Let d be s(5). Is 538 + (-20)/70 + (-46)/d composite?
False
Suppose -3*b - 2*w + 583709 = 0, 0 = 4*b - 5*b - 4*w + 194553. Is b a prime number?
False
Is 14/(-1) + -67 + 314932 composite?
False
Let r(l) = 907*l**2 + 179*l - 51. Is r(20) a composite number?
False
Let k = 40171 + 7363. Is k composite?
True
Is 1351899 + 23 + 5*21/(-35) composite?
False
Is (8*3/84)/((-20)/70) + 790694 composite?
False
Let n = 315473 + 220658. Is n prime?
False
Suppose 2*i + 3*d = 351545, -19*i + 17*i = d - 351527. Is i composite?
False
Let z(w) = 20*w**2 - 106*w + 421. Let b(y) = 7*y**2 - 35*y + 140. Let c(x) = -8*b(x) + 3*z(x). Is c(24) a composite number?
True
Let f = 72 - 70. Let w be -4 + f - 2*-4. Is (-2)/6 - (-30236)/w a composite number?
False
Suppose -19*o = -16*o - 14589. Suppose 0 = -u + 3*w + o, u = 6*u + w - 24363. Suppose 12*x + u - 46068 = 0. Is x a prime number?
True
Let r(u) = u**3 + 14*u**2 - 32*u + 7. Let i be r(-16). Is 7 + (498*217)/i composite?
True
Let h = 137676 - -2657. Is h prime?
True
Suppose 27*i - 100 = 7*i. Suppose -y = n - 2*n + 31, -i*n - 5*y + 145 = 0. Is (-6)/4*(-16000)/n + -1 composite?
True
Suppose -k = -3*h - 22, 3*h - 2*k = h - 16. Let p = h - -27. Suppose 0 = -4*t - p, -t + 825 = 5*u + 3*t. Is u composite?
True
Suppose 4*b = 3*t + 457321, 340844 + 2147 = 3*b - 2*t. Is b a composite number?
True
Let x be (-2)/22 + (468/22)/3. Let o(m) = 9*m**3 - 5*m**2 + 11*m - 18. Is o(x) composite?
True
Suppose -16 + 12 = -2*v. Is 2/((-463020)/(-231505) - v) prime?
True
Is (-22276 + 0)*(8 - 675/20) composite?
True
Let k be -3*2 + 12 + 0. Suppose 2*p + 3*o - 35506 = -4290, -k = 3*o. Is p a composite number?
True
Let j(d) = 2*d**3 - 7*d**2 - 4*d + 4. Let i be j(4). Let m(u) = -2*u + 5. Let v be m(i). Is (v - 4/(-1))*1561 a prime number?
False
Suppose 0 = -3*y - 5*b + 1, b - 2 = 2*y - 7. Suppose -5*x + 1529 = y*a, 10*x + a - 918 = 7*x. Is x composite?
False
Let v(x) = -82*x**3 + 8*x**2 - 20*x + 45. Let f be v(5). Let t = f - -52154. Is t a composite number?
True
Let b be 1*-1270*1568/245. Let x = b + 37499. Is x a prime number?
False
Suppose 0 = -p - 5*q - 58, 142 = -4*p + 3*q - 90. Let w = p - -809. Is w a composite number?
False
Suppose o = -u + 792477 + 153157, -2*u + 1891238 = -4*o. Is u a prime number?
True
Suppose 0*n - 3*n = -5*i + 34, -3*n + 46 = 5*i. Let a(t) = -6 + t**3 - 2 - 6*t - 4*t**2 + 9 - 4*t. Is a(i) a prime number?
False
Suppose 0 = -6*n + 3*n - 9. Let c(w) = 8*w + 14. Let o be c(n). Is ((-3810)/(-4))/3*(-12)/o composite?
True
Suppose -3*q - 4*p - 7 = 33, -16 = 4*p. Is (-36)/9*8354/q a prime number?
True
Let y = -461 - -466. Suppose -4*s + a + 12595 = -10352, 5*a = -y*s + 28690. Is s a prime number?
True
Let u = -539 - -826. Suppose u = i + 82. Is i/5 + 16/(-4) a composite number?
False
Let w = -8 - -11. Suppose 25 = -w*y - 5. Let f(g) = -21*g + 13. Is f(y) composite?
False
Suppose -8*g + 54105 + 150821 = -177290. Is g prime?
True
Let s(k) = -1015*k - 1149. Is s(-28) prime?
True
Suppose 25*b - 20 = 29*b, 189504 = p - 5*b. Is p composite?
False
Let f = -955 - -964. Let i(n) = 394*n**2 + 113*n - 14. Is i(f) a prime number?
True
Let f(i) = 68350*i**2 - 1678*i + 6695. Is f(4) a composite number?
True
Suppose -2*r - 31 = -5*s, r + 27 = 4*s + 4. Suppose -8*n + 4849 = s*n. Is n prime?
True
Suppose -44*z + 56 = -42*z. Suppose 5*w - z = -4*a + 3*a, -2*w = 5*a - 2. Suppose 6923 = k + w*k. Is k a prime number?
False
Suppose -5*g + 174534 = 17*b - 15*b, 0 = 3*b + 4*g - 261829. Is b prime?
False
Let p be (4 - 3)*(3 - 1). Let x(c) = 934 + c**p - 92*c + 192*c - 100*c. Is x(0) prime?
False
Let y = 70 - 65. Let w be (-4)/y + (0 - (-264)/30). Suppose w*g + 762 = 10*g. Is g composite?
True
Suppose 17*f - 574585 = 84454. Is f prime?
True
Suppose -4*r = -2*r - 130. Let i be ((-78)/r)/((-16)/10 - -2). Is (-3)/(-12)*(i + 1175) prime?
True
Suppose -3*g + 11*g - 16 = 0. Suppose -2*p = g*p - p. Is (-295 - p)*(-2 + 1) a prime number?
False
Let b(l) = -6245*l**3 + 2*l**2 - 2. Let w be b(-1). Suppose 104*q = 109*q - w. Is q a prime number?
True
Suppose 17780 = 4*j - 1168. Suppose -4*g - 3*y = -18947, -y + 0*y = g - j. Suppose -595 = -3*a + g. Is a prime?
True
Is -1*3*44/(-66)*47543 composite?
True
Let l be (-49)/(-49) + (-4)/(-2). Suppose 4*d - 11762 = -2*j, 0 = -l*d + 5*j + 3307 + 5495. Is d prime?
True
Suppose 50*q - 13093659 - 41822644 = -7171553. Is q prime?
False
Suppose -22*a = -26*a - 3*k + 2502812, 4*k - 625729 = -a. Is a a composite number?
False
Let r be ((-2174)/(-10) + -1)*-20. Let v(t) = 47*t**2 + 656*t - 27. Let x be v(-14). Is (-4)/(-6) + r/(-6) + x a composite number?
True
Let z = -124 - -124. Suppose z = -10*g + 2394 + 9376. Is g prime?
False
Suppose 13*h + 1 = 40. Suppose -2*f - 4 = 0, -h*i - 2*f + 3*f - 49 = 0. Is i/((-10)/(-11) - 1) a composite number?
True
Suppose -10*k - 12842 = -5*d - 164722, 4*d + 45569 = 3*k. Is k a composite number?
False
Suppose -2*p = 4*v - 168238, 17*p - 2*v + 841208 = 27*p. Is p prime?
True
Suppose 0 = 197*b + 141*b - 286830518. Is b composite?
False
Let l = 339 + -235. Suppose l*r - 106*r = -2386. Is r a composite number?
False
Let v = 775529 - 546379. Suppose 20*b - v + 85610 = 0. Is b a prime number?
True
Let z = -160237 - -497864. Is z a prime number?
True
Suppose 14*u = 7*u + 47649. Suppose 0 = 13*a - u - 31972. Is a a composite number?
True
Let m = -79679 - -526780. Is m prime?
True
Let i(p) = -8*p**3 - 3*p**2 - 37*p - 23. Let c be i(-11). Suppose -4*r + 33664 = -5*z, -r - 5*z + c = 2278. Is r prime?
False
Let i(c) = 209*c**2 + 64*c - 899. Is i(20) composite?
True
Suppose 3*y = 4*n + 736711 + 43834, -5*n + 1560986 = 6*y. Is y a prime number?
True
Is (6 - 12 - 3) + 10 - 2099*-98 composite?
False
Let u be (-42 + -3 + 1)*(-120)/(-32). Let t = -98 - u. Suppose -5*k = -5*c + 110, 0 = -c + 4*c - 2*k - t. Is c a prime number?
True
Suppose 